 (base 15) to base 11.
1
a (base 15) to base 16
a
What is 213 (base 8) in base 7?
256
-4 (base 14) to base 11
-4
What is 1 (base 16) in base 14?
1
1231 (base 5) to base 8
277
Convert 1 (base 3) to base 5.
1
-11010110 (base 2) to base 6
-554
-6 (base 13) to base 3
-20
Convert -124 (base 5) to base 13.
-30
What is 5 (base 16) in base 7?
5
What is -6 (base 12) in base 4?
-12
-13 (base 14) to base 5
-32
What is -105 (base 8) in base 2?
-1000101
What is 2 (base 3) in base 5?
2
-10 (base 10) to base 3
-101
Convert 45 (base 6) to base 5.
104
What is -2 (base 3) in base 10?
-2
Convert -20 (base 8) to base 3.
-121
202 (base 7) to base 3
10201
Convert -32 (base 5) to base 7.
-23
3 (base 11) to base 8
3
Convert b (base 13) to base 6.
15
Convert -101000 (base 2) to base 13.
-31
What is 12 (base 5) in base 2?
111
Convert -10001 (base 2) to base 14.
-13
Convert -101 (base 5) to base 4.
-122
0 (base 3) to base 9
0
Convert -15 (base 12) to base 15.
-12
-26 (base 7) to base 5
-40
Convert 2 (base 10) to base 4.
2
What is -21 (base 4) in base 12?
-9
Convert 14 (base 15) to base 3.
201
222 (base 13) to base 16
16e
Convert 1003 (base 5) to base 10.
128
What is 42 (base 7) in base 15?
20
-5 (base 15) to base 5
-10
-43 (base 10) to base 11
-3a
-4 (base 16) to base 11
-4
2 (base 15) to base 9
2
What is -2 (base 9) in base 2?
-10
What is 45 (base 11) in base 4?
301
What is 103 (base 5) in base 3?
1001
Convert 23 (base 5) to base 8.
15
What is 21 (base 15) in base 12?
27
What is -43 (base 11) in base 5?
-142
Convert -2 (base 7) to base 14.
-2
What is 1 (base 10) in base 16?
1
54 (base 7) to base 11
36
What is c6 (base 13) in base 12?
116
Convert -14 (base 7) to base 5.
-21
-120 (base 4) to base 14
-1a
49 (base 12) to base 14
41
2d (base 15) to base 4
223
-1 (base 11) to base 8
-1
1010 (base 5) to base 9
154
-7 (base 12) to base 7
-10
20 (base 9) to base 12
16
What is 202 (base 3) in base 4?
110
Convert -5 (base 9) to base 7.
-5
What is -8 (base 12) in base 15?
-8
What is 0 (base 10) in base 15?
0
Convert -5b (base 13) to base 15.
-51
-10 (base 11) to base 14
-b
Convert 2f (base 16) to base 11.
43
0 (base 3) to base 14
0
Convert 4 (base 12) to base 14.
4
What is -6 (base 13) in base 6?
-10
What is -1 (base 15) in base 10?
-1
What is -4 (base 7) in base 2?
-100
What is 10200 (base 4) in base 7?
561
What is 0 (base 9) in base 16?
0
2 (base 6) to base 13
2
-3 (base 7) to base 14
-3
What is 112 (base 3) in base 8?
16
What is -1e (base 15) in base 6?
-45
Convert -2 (base 15) to base 7.
-2
4 (base 13) to base 9
4
What is 232 (base 8) in base 9?
181
-d5 (base 14) to base 15
-c7
-1a (base 13) to base 2
-10111
-10 (base 11) to base 9
-12
Convert 1 (base 7) to base 10.
1
What is -31 (base 13) in base 14?
-2c
What is 0 (base 5) in base 10?
0
Convert 37 (base 8) to base 6.
51
-512 (base 6) to base 5
-1223
-45 (base 8) to base 13
-2b
-21 (base 9) to base 15
-14
What is -39 (base 11) in base 9?
-46
2 (base 5) to base 14
2
What is 11 (base 6) in base 9?
7
What is -100010110 (base 2) in base 15?
-138
Convert -1 (base 14) to base 9.
-1
-3 (base 4) to base 12
-3
What is -5 (base 14) in base 12?
-5
What is -10000100 (base 2) in base 14?
-96
What is -32 (base 4) in base 3?
-112
Convert -11001110 (base 2) to base 14.
-10a
-1 (base 5) to base 7
-1
Convert -157 (base 9) to base 2.
-10000101
Convert -5 (base 15) to base 4.
-11
-3 (base 11) to base 7
-3
Convert -1 (base 13) to base 8.
-1
1021 (base 5) to base 13
a6
32 (base 6) to base 10
20
Convert 17 (base 11) to base 15.
13
-210 (base 9) to base 15
-b6
229 (base 11) to base 6
1133
Convert 20 (base 4) to base 13.
8
Convert -96 (base 14) to base 4.
-2010
-72 (base 16) to base 14
-82
Convert -13 (base 13) to base 4.
-100
What is 14 (base 8) in base 16?
c
Convert -2 (base 7) to base 2.
-10
What is 9 (base 13) in base 15?
9
19 (base 16) to base 12
21
What is -11 (base 2) in base 8?
-3
What is -1 (base 6) in base 16?
-1
-21 (base 3) to base 11
-7
-70 (base 9) to base 15
-43
341 (base 6) to base 10
133
What is -2 (base 12) in base 14?
-2
Convert 65 (base 13) to base 14.
5d
What is -3 (base 7) in base 4?
-3
What is -28 (base 9) in base 5?
-101
-132 (base 5) to base 14
-30
13 (base 10) to base 2
1101
Convert 1 (base 2) to base 4.
1
What is 28 (base 9) in base 16?
1a
Convert -152 (base 10) to base 16.
-98
-24 (base 7) to base 3
-200
Convert -5 (base 6) to base 11.
-5
What is -28 (base 15) in base 6?
-102
Convert 10 (base 3) to base 2.
11
What is 26 (base 7) in base 5?
40
-44 (base 5) to base 9
-26
What is -3100 (base 4) in base 7?
-415
Convert -2 (base 3) to base 13.
-2
-10010 (base 2) to base 13
-15
Convert -1 (base 16) to base 7.
-1
50 (base 7) to base 14
27
-43 (base 9) to base 10
-39
What is 1 (base 3) in base 5?
1
142 (base 5) to base 7
65
-b1 (base 16) to base 15
-bc
What is 100001010 (base 2) in base 7?
530
Convert 42 (base 11) to base 12.
3a
10 (base 7) to base 12
7
Convert 120 (base 3) to base 4.
33
What is 1b (base 12) in base 4?
113
What is -103 (base 4) in base 10?
-19
Convert 84 (base 11) to base 7.
161
What is -15 (base 7) in base 4?
-30
-62 (base 16) to base 9
-118
What is -3 (base 9) in base 4?
-3
Convert -3 (base 6) to base 11.
-3
Convert 43 (base 5) to base 3.
212
145 (base 6) to base 7
122
Convert 2 (base 5) to base 4.
2
7 (base 15) to base 16
7
Convert -1 (base 14) to base 5.
-1
Convert 1000 (base 2) to base 12.
8
Convert -13 (base 7) to base 9.
-11
42 (base 11) to base 10
46
What is 4 (base 7) in base 4?
10
255 (base 6) to base 5
412
What is 10a (base 15) in base 12?
177
Convert 0 (base 7) to base 12.
0
What is -1 (base 9) in base 4?
-1
What is -24 (base 7) in base 15?
-13
-110 (base 4) to base 14
-16
Convert -4 (base 8) to base 2.
-100
Convert -101110 (base 2) to base 6.
-114
-11 (base 6) to base 14
-7
Convert -101 (base 3) to base 6.
-14
Convert 111 (base 2) to base 15.
7
1220 (base 3) to base 12
43
201 (base 11) to base 3
100000
3 (base 11) to base 10
3
Convert 19 (base 10) to base 11.
18
Convert 7 (base 15) to base 11.
7
What is -3122 (base 4) in base 15?
-e8
Convert 91 (base 12) to base 3.
11001
2020 (base 3) to base 12
50
Convert -4 (base 12) to base 6.
-4
105 (base 16) to base 2
100000101
Convert 25 (base 11) to base 2.
11011
-16 (base 10) to base 8
-20
Convert -1 (base 8) to base 9.
-1
-2 (base 15) to base 12
-2
Convert 1 (base 7) to base 12.
1
-112 (base 4) to base 14
-18
Convert -11 (base 4) to base 2.
-101
1 (base 13) to base 6
1
Convert -1 (base 13) to base 3.
-1
Convert 43 (base 8) to base 2.
100011
4 (base 15) to base 2
100
Convert 0 (base 3) to base 15.
0
What is 6 (base 8) in base 9?
6
What is -14 (base 7) in base 2?
-1011
Convert -77 (base 8) to base 11.
-58
What is 11 (base 5) in base 16?
6
-4 (base 7) to base 11
-4
What is -265 (base 8) in base 12?
-131
-211 (base 4) to base 5
-122
What is -210 (base 3) in base 11?
-1a
Convert 0 (base 5) to base 2.
0
What is -54 (base 8) in base 16?
-2c
32 (base 4) to base 13
11
1b1 (base 13) to base 2
100111001
Convert -2 (base 12) to base 16.
-2
Convert 100 (base 3) to base 2.
1001
Convert -18 (base 9) to base 11.
-16
1101 (base 2) to base 7
16
Convert 10 (base 4) to base 5.
4
Convert -1321 (base 5) to base 4.
-3103
-2 (base 16) to base 5
-2
What is c (base 15) in base 13?
c
Convert -48 (base 13) to base 4.
-330
6 (base 12) to base 11
6
322 (base 4) to base 8
72
What is -4 (base 14) in base 6?
-4
-22 (base 14) to base 9
-33
Convert -7 (base 9) to base 14.
-7
What is 1 (base 14) in base 11?
1
Convert 2 (base 12) to base 16.
2
-10 (base 10) to base 14
-a
Convert 23 (base 11) to base 4.
121
Convert 0 (base 13) to base 12.
0
What is -3 (base 5) in base 15?
-3
Convert -101 (base 2) to base 12.
-5
What is 34a (base 11) in base 5?
3132
Convert -2 (base 6) to base 12.
-2
Convert -1 (base 3) to base 10.
-1
-3c (base 13) to base 6
-123
What is 2 (base 11) in base 8?
2
What is -4 (base 13) in base 15?
-4
2 (base 5) to base 8
2
-12 (base 3) to base 16
-5
-1001100 (base 2) to base 8
-114
-101 (base 7) to base 6
-122
What is 10100 (base 3) in base 11?
82
16 (base 10) to base 6
24
Convert 11000010 (base 2) to base 16.
c2
Convert 1 (base 2) to base 9.
1
-88 (base 11) to base 4
-1200
-13 (base 15) to base 5
-33
Convert -1021 (base 4) to base 2.
-1001001
Convert 201 (base 9) to base 2.
1010